= 324 + q. What is the highest common factor of b and 413?
59
Suppose 171 = 5*c + 3*f, -12*f = -159*c + 163*c - 156. What is the highest common factor of c and 2409?
33
Let w = -83 + -29. Let n = w + 169. Let j = -46 + n. Calculate the greatest common divisor of 121 and j.
11
Suppose -5*x - 22 - 108 = 0. Let p be 136/(-10) + x/65. Let y(s) = -s**3 - 14*s**2 - 2*s + 3. Let a be y(p). Calculate the highest common divisor of 217 and a.
31
Let t(h) = 1164*h + 7518. Let c be t(-4). Calculate the highest common factor of c and 53.
53
Suppose 3*r - 762 = 3*w, 1002 = 5*r + 4*w - 250. What is the highest common factor of r and 1323?
63
Let i(v) = -v**3 - 33*v**2 - 202*v - 30. Let m be i(-25). Calculate the highest common factor of 5020 and m.
20
Suppose -a - a = 4*k - 13690, -6850 = -2*k - 2*a. Calculate the highest common divisor of k and 240.
60
Suppose 675 = 14*r - 11*r. Let c(t) = t**3 + 20*t**2 + 23*t + 85. Let u be c(-19). Calculate the highest common factor of u and r.
9
Suppose -v - 5*f + 6 = 0, 2*v - 4*f - 60 = 8. Let y be 18/4 + 13/v. Suppose y*l = -17 - 3, -2*l + 17 = 5*j. What is the greatest common divisor of 40 and j?
5
Let c = 86205 + -86166. Suppose 2*l + 4 + 8 = 0. Let b be 3/(-9) + (-80)/l. What is the greatest common divisor of b and c?
13
Let k be (864/336)/((45/42)/5). Calculate the highest common divisor of 147 and k.
3
Suppose 4 = -b, 4*n - 3*n - 29 = 2*b. Suppose 298 = 5*h - 207. Let v = h - -4. Calculate the highest common factor of n and v.
21
Let x be (-16)/(-240)*-6 - 10354/(-10). Let a = 1301 - x. Calculate the greatest common divisor of a and 14.
14
Let u(y) = -536*y - 6. Let d be u(2). Let r = -548 - d. What is the highest common divisor of 20 and r?
10
Suppose 5*s + j - 70305 = 0, -38*s + 41*s - 42183 = 2*j. What is the greatest common divisor of s and 129?
129
Suppose -162 = 9*u - 234. What is the greatest common factor of 824 and u?
8
Let u = -37 - -76. Suppose 8*f = 12*f - 2*h - 4844, -f - 2*h = -1201. Calculate the greatest common divisor of u and f.
39
Suppose -1705 = 2*d - 24*d + 1155. Calculate the highest common factor of 10 and d.
10
Suppose -3*l = l - 28, 1512 = 4*d + 4*l. Suppose -5*k + 0*k = -265. What is the greatest common divisor of d and k?
53
Let i be (-70 - -3)*(-84 + 83). What is the highest common factor of i and 2747?
67
Let s = -1319 - -1526. Calculate the greatest common divisor of s and 63.
9
Let s = -17551 - -17587. Calculate the greatest common factor of 16344 and s.
36
Let u = 870 - 660. What is the highest common factor of u and 30?
30
Let j = 11334 + -11191. What is the highest common factor of 52 and j?
13
Let a(p) = -3*p + 3. Let l be a(-7). Let q = -4505 + 5141. What is the highest common factor of l and q?
12
Let o be (-1)/2 - (-465)/30. Let j be (o/(-12))/(1/(-32)). Suppose 5*p + r - 78 = -0*r, -3*p - 4*r + j = 0. Calculate the highest common divisor of 112 and p.
16
Let c(b) = b - 35. Let v be c(24). Let p(j) = -j**3 - 12*j**2 - 20*j - 45. Let t be p(v). Calculate the highest common factor of 594 and t.
54
Suppose -r + 5 = -1. Let d(u) = u**3 + 15*u**2 + 14*u - 10. Let h be d(-14). Let o = 8 - h. Calculate the highest common factor of o and r.
6
Let a(d) = -163*d + 168. Let v be a(-4). Calculate the highest common factor of v and 164.
164
Let j = 3481 - 2906. Calculate the greatest common divisor of j and 250.
25
Suppose -469*x + 473*x - 3*b = 56, -3*x + 4*b + 56 = 0. Let t(q) = 7*q + 7. Suppose 14 = 4*g - 14. Let a be t(g). What is the highest common factor of a and x?
8
Suppose -2*y = 2*b - 348, 62*b = 43*b - y + 3072. Let c be 45/2 - 1/(-2). Calculate the greatest common factor of b and c.
23
Let u = 331 + -330. Suppose -3*q + 957 = 3*w + w, 0 = -q - u. Calculate the greatest common divisor of w and 30.
30
Suppose -i + 3*s = -2*i + 559, 5*i = -s + 2795. Suppose -3*z - 3*q = -104 - i, 0 = 5*q. What is the highest common factor of 34 and z?
17
Suppose 5*a - 493 = -3*l, -4*l + 94 = 90. What is the greatest common divisor of a and 392?
98
Suppose 0 = g, 5*q - 1628 = 3*g - 533. Let u = q - 213. Calculate the highest common divisor of u and 28.
2
Let s be (-62 + 62)/(-2*1) + 49. Calculate the greatest common factor of s and 392.
49
Let r = 62 + 3. Let d = r - 78. Let g(t) = -t**2 - 14*t + 1. Let n be g(d). What is the highest common divisor of 98 and n?
14
Suppose -4*r + 188 + 596 = 0. What is the highest common factor of 1813 and r?
49
Let k(u) = -u + 6. Let f be k(0). Suppose 12*q - 192 = 312. Let r be 550/4 + 21/q. Calculate the highest common factor of r and f.
6
Let s be -1788*(-1*5 - (-1469)/452). What is the highest common divisor of 21 and s?
21
Let l be ((-2160)/(-75) + -28)*25/1. Suppose -16 = -4*p + 324. What is the highest common factor of l and p?
5
Let s be (-44)/(-6)*81/6. Let a(g) = -8*g**2 + 104*g + 516. Let i be a(16). Calculate the highest common factor of i and s.
33
Let w be ((-131)/6 + (-2)/3)/(2/(-4)). Calculate the greatest common divisor of w and 9.
9
Let b(u) = 2*u - 7. Let s be b(-14). Let z = s - -36. Let k be (-169)/(-3) - z*(-2)/(-6). Calculate the highest common factor of k and 8.
8
Let s = 950 - 923. Let t be 1*(4/1)/(-4). Let m = t + 10. What is the highest common divisor of m and s?
9
Let p be 80/5 + (-112)/(-16). What is the highest common factor of p and 391?
23
Let x be 0 + 5 - (-7 + 5). Suppose 0 = -59*v + 54*v + 10. Suppose -5*d - 3*c + 147 = -180, -v*c + 8 = 0. Calculate the greatest common factor of x and d.
7
Suppose -v - 8*z + 6*z + 8816 = 0, -2*z - 44020 = -5*v. Calculate the greatest common factor of v and 238.
238
Suppose 36*b + 72*b = 25*b + 1411. What is the greatest common divisor of 44438 and b?
17
Let q(u) = u**3 + 74*u**2 + 267*u - 502. Let y be q(-70). Calculate the greatest common divisor of 240 and y.
24
Let k = -3107 + 3299. Calculate the greatest common divisor of 6144 and k.
192
Let b(d) = 8*d**2 - 2*d**2 - 5*d**2 + 6*d**2 - 12 + 15. Let v be b(-10). Calculate the greatest common factor of v and 37.
37
Suppose 376*h - 441*h + 537420 = 0. Calculate the greatest common divisor of 624 and h.
156
Suppose 2*f - 2*n - 2 = -0*f, f = 5*n - 3. Suppose -45 - 131 = -f*r. Let q be (r/(-6))/((-4)/42). Calculate the greatest common factor of 14 and q.
14
Let i be (-1)/(23/(-44967)) - 10*34/3910. Calculate the highest common divisor of 510 and i.
85
Suppose 0 = 5*k + 25, 0 = -4*o + 4*k + 66 + 90. Let p be 1696/10 - o/(-85). Let s be (-11 + 13)/((-1)/(-17)). What is the greatest common factor of s and p?
34
Suppose -5*g + 449 + 127 = -3*c, -3*g + 2*c + 345 = 0. Suppose -3*j = -6*w + 4*w + 63, 0 = 4*w + 3*j - g. Calculate the greatest common factor of 45 and w.
15
Suppose 2*m + 3*t - 1221 = 0, -1173*m = -1169*m - 3*t - 2451. Calculate the greatest common factor of 2916 and m.
36
Suppose -389*q - 12450 = -804*q. Calculate the highest common factor of 11630 and q.
10
Let k(s) be the second derivative of 5*s**4/6 - 2*s**3 - 27*s**2/2 + 12*s. Let n be k(-6). What is the greatest common factor of 15 and n?
15
Let o(b) = 1072*b + 2. Let w be o(1). Let y = w - 633. Calculate the greatest common divisor of y and 63.
63
Let u(x) = -2*x**3 + 40*x**2 - 2*x + 100. Let b be u(20). What is the greatest common factor of 235 and b?
5
Suppose -2*x - 6*k = -58428, 0 = 7*x - 8*k + 3*k - 204342. What is the greatest common divisor of x and 36?
36
Let m be (-137)/(-4) - (-2)/(-8). Let s = m - -57. Let d be 15/(-6)*-1 - 11/((-66)/63). Calculate the greatest common divisor of s and d.
13
Let t = 4515 - 2049. Calculate the greatest common divisor of t and 12.
6
Let w(l) = -221*l - 5265. Let b be w(-24). What is the highest common divisor of 3419 and b?
13
Suppose 1080 + 760 = -8*n. Let b = -139 - n. Calculate the highest common factor of b and 13.
13
Suppose 0 = -i - 2*i - 3, 3*i + 58 = 5*v. Let q = v - 9. Suppose -110 = 10368*k - 10373*k. Calculate the highest common divisor of k and q.
2
Let v(z) = 4*z**3 + 15*z**2 - 84*z + 16. Let w be v(16). Calculate the highest common factor of w and 16.
16
Let g be (528/15 - -7) + (-1)/5 + 0. What is the greatest common factor of g and 6202?
14
Suppose -b = -75 - 195. Suppose -21*q - 6*h + 30 = -22*q, -q + 3*h = 0. Calculate the highest common factor of q and b.
30
Let n be 1 + 11 + 2/(12/(-42)). Suppose n*j - 406 = 44. Let d =